te the remainder when (-5 - -225)*4/10 is divided by 640/65 - (-4)/26.
8
Suppose -492*g + 521*g - 145 = 0. Suppose -314 = -3*w - 5*h, -4*h - 118 = -w - 3*h. Calculate the remainder when w is divided by g.
3
Let r = -12 - -14. Suppose -4*u = m + 3, u - 2 = -r*m + 6. Calculate the remainder when (4/6)/(u/(-18)) is divided by 3.
0
Suppose -4*g = 16, -x - 3*g + 7*g = -67. Calculate the remainder when x is divided by 14.
9
Let u be (-84)/(-10) + (-12)/30. Suppose -98 = -u*t + t. Calculate the remainder when 36 is divided by t.
8
Let s = 1936 + -1710. Calculate the remainder when s is divided by 115.
111
Let s = -7 + 7. What is the remainder when -1 + (8 - (-1 - -1)) is divided by -15*(5/(-15) - (s + 0))?
2
Suppose -22*p - 31 = -23*p. Let c be (-1)/4 - (-930)/(-24). Let d = c + 55. Calculate the remainder when p is divided by d.
15
Let n(k) = -4*k + 15. What is the remainder when n(-5) is divided by 5?
0
Let p = -197 - -271. Calculate the remainder when p is divided by 25.
24
Let t(y) = 90*y + 2. Let f be t(-1). Let c = f + 193. What is the remainder when c is divided by 27?
24
Suppose 13*t = -4*z + 9*t + 92, 5*z = 4*t + 79. Calculate the remainder when z is divided by (-43)/(-4) + (-3)/(-12).
8
Let x(j) = -14*j + 12. Calculate the remainder when x(-4) is divided by 14.
12
Suppose -r + 6 = 2. Let w = -43 - -46. What is the remainder when -2 - 65/(-15)*w is divided by r?
3
Let s = 302 - 286. What is the remainder when 74 is divided by s?
10
Suppose 380 = 10*t - 610. Let p = 166 - t. Suppose 0*i + i + 3*o = 8, 2*i - 4*o - 46 = 0. What is the remainder when p is divided by i?
16
Suppose 4*n - 47 = -10*i + 9*i, -12 = n + 5*i. Calculate the remainder when 1207 is divided by n.
11
Suppose -3*l + 0*l + 306 = 0. Let o(u) = -13*u - 5 - u**3 - 16 + 9*u**2 + 2*u**3 + 26. What is the remainder when l is divided by o(-10)?
32
Suppose -75 = -4*c - 3*x, -2*c = -0*c + 5*x - 55. Suppose 631 = 7*i + 127. What is the remainder when i is divided by c?
12
Let x(q) = q**2 + 10*q - 4. What is the remainder when 177 is divided by x(-12)?
17
Let k be (-58 - -1)/(-3)*(-6)/(-6). Let s = k + 18. Calculate the remainder when s is divided by 13.
11
Let c = 79 + -41. Let g be 2/(-2 + (-24)/(-9)). Suppose 0 = 4*n + 3*y - y - c, -g*y + 39 = 4*n. Calculate the remainder when n is divided by 6.
3
Let m(h) = -h**2 + 9*h - 16. Let c be m(6). Suppose c*k - 121 = 161. Calculate the remainder when k is divided by 36.
33
Calculate the remainder when 202 is divided by 14*6/(-5)*(-60)/18.
34
Suppose 3 + 42 = -3*a. Let z(b) = b**2 + 6*b + 21. Calculate the remainder when z(a) is divided by 53.
50
Let l(z) = 2*z**2 - z. Let f be l(-1). Suppose 2*k + f*k = 10. Suppose -k*g + 85 = 3*g. What is the remainder when g is divided by 6?
5
Suppose -2*d = 10, 9 = -5*q + 4*q - 3*d. What is the remainder when 57 is divided by 176/q - (-6)/9?
27
Calculate the remainder when 5 + (-7821)/(-18) - (-6)/4 is divided by 4.
1
Calculate the remainder when (-590)/(-5)*(0 + 7/14) is divided by 8.
3
Let g(l) = 2*l**2 - l - 1. Let z be g(-1). Let m(c) = c**3 - 3*c**2 + 3*c - 5. Let k be m(z). What is the remainder when (44/k - -2)*-9 is divided by 29?
27
Calculate the remainder when (-3168)/(-28) - 174/(-203) is divided by 59.
55
Let a be -4 - (-3)/2*76. Let l(h) = 3*h + 2. Calculate the remainder when (a/4)/((-2)/(-4)) is divided by l(4).
13
Suppose -15 = 7*g - 57. What is the remainder when (0 + -90)*(-1)/2 is divided by (-32)/g*12/(-8)?
5
Let j(o) = 5*o + 14. What is the remainder when 87 is divided by j(-1)?
6
Suppose -a + 1094 = 2*v + v, -4*a + 350 = v. Let g = v + -618. Calculate the remainder when g/(-8) + (-12)/8 is divided by 12.
6
Suppose -4*u - 52 + 8 = -2*t, -13 = -t + 5*u. What is the remainder when t is divided by 4 + 5 + 5 - 4?
8
Suppose -3*t = -10*d + 5*d - 90, -4*d = 0. What is the remainder when t is divided by (8/(-3))/(1/(-3))?
6
Let j(v) = 2*v**2 + v - 6. Suppose -6*t = t + 21. What is the remainder when 25 is divided by j(t)?
7
Suppose -z + 0*p - 22 = -4*p, 4*p = -5*z - 86. What is the remainder when 44 is divided by (20/12)/((-2)/z)?
14
Let m(x) = -20*x - 41. What is the remainder when m(-11) is divided by 10?
9
Let b(a) = a + 21. Suppose -4*p + 4 = f, -f + 5*p = -7 - 42. Calculate the remainder when f is divided by b(-12).
6
Let h = -44 - -95. What is the remainder when 763 is divided by h?
49
Let r(b) = 2*b**2 + 80*b + 261. What is the remainder when r(-37) is divided by 12?
3
Let d(x) = -56*x + 305. What is the remainder when 172 is divided by d(5)?
22
Calculate the remainder when ((-45)/36)/((-6)/72) is divided by 6.
3
Suppose 18*l - 529 = -151. Suppose 3*q - 7 = -m, 2*m + 3*q - 4*q - l = 0. Calculate the remainder when 34 is divided by m.
4
Suppose 91 - 447 = -2*f. What is the remainder when f is divided by 60?
58
Let q(g) be the second derivative of g**5/20 + g**4/2 - 2*g**3/3 - 5*g**2/2 - 7*g. Calculate the remainder when q(-5) is divided by 15.
10
Suppose 11*p = 8*p + 24. What is the remainder when 17 is divided by p?
1
Let w = -1573 - -1598. Calculate the remainder when 273 is divided by w.
23
Let v = 13 + -8. Let k = v + -1. Suppose 8 = c + c - 3*y, 0 = 3*c + k*y - 46. Calculate the remainder when 37 is divided by c.
7
Let q(o) = -o - 26. Let x(f) = -f - 26. Let g(i) = 6*q(i) - 7*x(i). Calculate the remainder when 39 is divided by g(-12).
11
Let f(x) = -5 - 5*x + 9 - 9. What is the remainder when 9 is divided by f(-2)?
4
Suppose 5*b - 70 = 35. Suppose 2*y + b = 9*y. Suppose -d + y*p + 313 = 3*d, 0 = -2*d - 3*p + 143. Calculate the remainder when d is divided by 20.
16
Suppose 10*r = 20*r - 2820. Calculate the remainder when r is divided by 22.
18
Let x(j) = -j + 1. Let c be x(6). Let d = 30 + c. Let o(s) = s**3 + 27*s**2 - 59*s - 20. What is the remainder when d is divided by o(-29)?
7
Suppose 3*t = i - 46, -2 = t - 1. Let m(a) = a**3 - 17*a**2 + 23. What is the remainder when i is divided by m(17)?
20
Suppose -4 - 5 = -p. Let q = 8 + p. Let g = 17 - -31. What is the remainder when g is divided by q?
14
Let f = 0 + 3. Suppose c - 72 = -f*c. Let b = c - 6. Calculate the remainder when 45 is divided by b.
9
Let t = -231 - -245. What is the remainder when -3 + -2 + 4 + 70 is divided by t?
13
Let r = -328 - -335. Let w(p) = -5*p. What is the remainder when w(-4) is divided by r?
6
Let h(r) = -r**2 - 29*r - 41. Calculate the remainder when 771 is divided by h(-23).
92
Suppose -b - 3 + 1 = -2*q, 0 = -q - 5*b + 12. Suppose -91 = -f - y - 24, -f + 67 = q*y. What is the remainder when f is divided by 17?
16
Let k be -4 + (1 - 1) - -5*2. Suppose 0 = k*f + 38 - 98. Calculate the remainder when f is divided by 4.
2
Let w = -299 + 362. Calculate the remainder when w is divided by 43.
20
Calculate the remainder when (-1038)/(-18) - (-2)/(-3) is divided by 5.
2
Suppose r + 42*r + 15 = 316. Suppose -3*y = -4*b + 24, 0*b - 6 = -b + 4*y. What is the remainder when r is divided by b?
1
Suppose -9*i + 4 = -7*i. Suppose y - i*w - 38 = 0, -4*y + 4*w + 147 = w. What is the remainder when y is divided by 13?
10
Suppose 8*l = 2*l + 24. Suppose -2*u = 5*i - 0 - l, 2*i = 2*u - 4. What is the remainder when u is divided by 1?
0
Let u = 13 + -10. Suppose -5 = -2*k + w + 8, 0 = u*k + w - 17. Calculate the remainder when 1 - (1 + -11) - 1 is divided by k.
4
Suppose 0 = 19*r - 22*r. Suppose -t + 4*h + r*h = -24, 3*h - 102 = -3*t. Calculate the remainder when t is divided by 9.
5
Let l be 9/6 + 3/2. Suppose 5*q + 161 = -4*t, -3*t + l*q = -q + 113. What is the remainder when 35 is divided by (t/6)/((-3)/6)?
9
Let b be (-12)/(-15)*5/2. Suppose 0 = -8*c + b*c + 12. Calculate the remainder when c is divided by 4/(-14) + (-9)/(-7).
0
Let h = 78 - -56. Let r = h + -122. What is the remainder when 42 is divided by r?
6
Let w(c) = 7 + 21 + 5 - 3*c + 4*c. What is the remainder when 43 is divided by w(-10)?
20
Let v = -45 - -64. Suppose 21*k = v*k + 30. Calculate the remainder when 118 is divided by k.
13
Suppose -117 = -5*n + 3*d, -6*d + 5*d - 109 = -5*n. What is the remainder when 167 is divided by n?
20
Let n(x) = x**2 + 44*x - 530. Calculate the remainder when 17 is divided by n(10).
7
Suppose u = -0*u + 189. Suppose -3*w = -12*w + u. What is the remainder when w is divided by 12?
9
Calculate the remainder when (1581/3